se 7, what is -5 - -33242?
33234
In base 4, what is 1 + -2133?
-2132
In base 13, what is 18b - 16?
175
In base 13, what is 5c1 - -15?
606
In base 10, what is -857 - 6?
-863
In base 16, what is 24e + 1?
24f
In base 2, what is -1 + -110110010?
-110110011
In base 6, what is -142 - -31?
-111
In base 16, what is 158 - 3?
155
In base 10, what is -12005 - -2?
-12003
In base 14, what is 3 - 243?
-240
In base 9, what is 4 - -31?
35
In base 3, what is 11101 - -12?
11120
In base 10, what is 1 - 2347?
-2346
In base 2, what is -11 - 1001001111?
-1001010010
In base 14, what is 914 - -4?
918
In base 12, what is 16 + 695?
6ab
In base 11, what is 2831 + 1?
2832
In base 5, what is 3011 + 0?
3011
In base 15, what is d6e - -4?
d73
In base 16, what is 1ef + -5?
1ea
In base 16, what is -3c + -5?
-41
In base 12, what is -4 + 11?
9
In base 7, what is -1 - -353?
352
In base 3, what is 11010121 + -2?
11010112
In base 7, what is -4 - 131?
-135
In base 2, what is -1 + 1011010?
1011001
In base 13, what is -80 + 3?
-7a
In base 3, what is -21122 - 1?
-21200
In base 14, what is -21 - -15?
-a
In base 14, what is 17 + 1?
18
In base 13, what is 26a2 + -4?
269b
In base 2, what is 11010001011 - -11?
11010001110
In base 8, what is 0 - 736?
-736
In base 7, what is -1411 + 3?
-1405
In base 14, what is -2c + -60?
-8c
In base 4, what is 231 + -1?
230
In base 14, what is -35 + -6?
-3b
In base 11, what is 27 + -5?
22
In base 13, what is 6b + 6?
74
In base 15, what is 13a - -3?
13d
In base 13, what is -3 + 3a2?
39c
In base 9, what is -28 + -7?
-36
In base 12, what is -5 - -48?
43
In base 5, what is 13 - -3242?
3310
In base 10, what is -533 + 0?
-533
In base 13, what is -ab - 1?
-ac
In base 7, what is 4 - -44?
51
In base 6, what is 2 + -12302?
-12300
In base 5, what is -1222 - -101?
-1121
In base 6, what is -530 - 5?
-535
In base 14, what is -322b - -5?
-3226
In base 4, what is -11 - -21311?
21300
In base 12, what is -2106 + 5?
-2101
In base 2, what is 0 + 101100100010?
101100100010
In base 12, what is 5a - -2?
60
In base 13, what is 80 - -160?
210
In base 7, what is -226 + -21?
-250
In base 4, what is -202 + -12?
-220
In base 5, what is 144 + 2?
201
In base 5, what is 3 - 10424?
-10421
In base 5, what is 0 - -14?
14
In base 15, what is -3 + 7?
4
In base 8, what is 1 + 371?
372
In base 4, what is 3221 - -10?
3231
In base 7, what is 124 + 20?
144
In base 11, what is -44 + 7?
-38
In base 12, what is -5 + -45?
-4a
In base 16, what is -1a + -12?
-2c
In base 15, what is 20 - -c?
2c
In base 10, what is -43 + -4?
-47
In base 16, what is 11 - -3?
14
In base 10, what is 227 + 4?
231
In base 8, what is -1 + 22?
21
In base 8, what is -314 + -3?
-317
In base 6, what is -1451 + 5?
-1442
In base 6, what is 542 + 30?
1012
In base 7, what is -533 - 21?
-554
In base 7, what is -4652 - 1?
-4653
In base 16, what is 4e + a8?
f6
In base 5, what is 11402 + -2?
11400
In base 7, what is -1 - 263?
-264
In base 13, what is 1 + 951?
952
In base 16, what is -25 + 3?
-22
In base 13, what is -1007 - 0?
-1007
In base 7, what is 5 + 65?
103
In base 12, what is -86 - -b?
-77
In base 12, what is 0 + -920?
-920
In base 13, what is -1 - -286?
285
In base 9, what is -4 - 60?
-64
In base 9, what is 273 - -108?
382
In base 14, what is 1 - -7a?
7b
In base 5, what is 3 - -333?
341
In base 11, what is -193 + -1?
-194
In base 16, what is -e + -123?
-131
In base 9, what is -241 + -85?
-336
In base 8, what is -26020 - -3?
-26015
In base 15, what is 3 - -533?
536
In base 8, what is -1641 - 4?
-1645
In base 3, what is -10 + 1200102?
1200022
In base 13, what is 40c - -6?
415
In base 8, what is -53 - 10?
-63
In base 13, what is 294 - a?
287
In base 9, what is -45 - 367?
-423
In base 12, what is 50 - a?
42
In base 3, what is 12102 - -20?
12122
In base 9, what is 45 - 6?
38
In base 11, what is 39 + -11?
28
In base 15, what is -2 - a8?
-aa
In base 16, what is -6e - -5?
-69
In base 16, what is 74 + 55?
c9
In base 7, what is 44 + 36?
113
In base 3, what is -200 - 12220?
-20120
In base 6, what is 1452 + 2?
1454
In base 9, what is -22 + 17?
-4
In base 8, what is 300 - 1?
277
In base 15, what is -5 - 244?
-249
In base 3, what is -1002122 - -22?
-1002100
In base 13, what is -388 - -5?
-383
In base 12, what is -1071 + 5?
-1068
In base 5, what is -24 - -101?
22
In base 15, what is 2 + 28?
2a
In base 7, what is -2 + 14144?
14142
In base 9, what is -12 - -377?
365
In base 14, what is -5c0 + -4?
-5c4
In base 4, what is 1123 - -10?
1133
In base 4, what is -131013 - -3?
-131010
In base 8, what is 3 - -751?
754
In base 5, what is 2112 + -3?
2104
In base 6, what is 1025 + -154?
431
In base 6, what is -12 + 20010?
15554
In base 14, what is 1d4 + -2?
1d2
In base 2, what is 11111110011 - 101?
11111101110
In base 7, what is -2514 - -2?
-2512
In base 16, what is 33 + 5?
38
In base 10, what is 0 - -288?
288
In base 13, what is 26 + 22?
48
In base 8, what is -113644 - -5?
-113637
In base 14, what is 14 - -14?
28
In base 15, what is 1a - -1?
1b
In base 3, what is 2110 + -1010?
1100
In base 16, what is -2 - 27c?
-27e
In base 12, what is -14 - 5?
-19
In base 8, what is 365 - 5?
360
In base 6, what is 1 - -430?
431
In base 6, what is 5132 + -2?
5130
In base 14, what is -13 + 6?
-b
In base 4, what is -12231 + -32?
-12323
In base 9, what is -5 - -5?
0
In base 13, what is -4 + b?
7
In base 14, what is -43 + 7?
-3a
In base 13, what is 0 - -143?
143
In base 14, what is 2 + 9a?
9c
In base 14, what is 25 + 0?
25
In base 15, what is -c8 - -3?
-c5
In base 5, what is -12 - -2033?
2021
In base 11, what is 4 + -8?
-4
In base 12, what is -30 + -3?
-33
In base 13, what is -1a53 - 0?
-1a53
In base 16, what is 1f + -5?
1a
In base 3, what is 1212 + -1102?
110
In base 12, what is -13477 + 3?
-13474
In base 6, what is -2 + 5312?
5310
In base 15, what is 2c01 + 4?
2c05
In base 15, what is -8e4 + 2?
-8e2
In base 2, what is 1 - -1011100101?
1011100110
In base 13, what is -1 - -1b6?
1b5
In base 8, what is 25 + -12?
13
In base 13, what is -33 + -3?
-36
In base 5, what is -311 - -322?
11
In base 10, what is -1 + -516?
-517
In base 15, what is dd - 0?
dd
In base 10, what is 949 - 7?
942
In base 12, what is 16b + -2?
169
In base 2, what is -11 + 10001010101110?
10001010101011
In base 7, what is 441 - 5?
433
In base 14, what is -1 + 10?
d
In base 14, what is -41 + 3?
-3c
In base 5, what is 1 + 24203?
24204
In base 11, what is -4 + 50?
47
In base 11, what is -3 + -6a8?
-700
In base 12, what is 266 - -18?
282
In base 8, what is -6 + -66?
-74
In base 9, what is -127 + 2?
-125
In base 16, what is -6d - -5?
-68
In base 5, what is -40 - -404?
314
In base 7, what is -5 + -515?
-523
In base 6, what is 4 + 254?
302
In base 11, what is 158 - 0?
158
In base 8, what is -15 - -1314?
1277
In base 14, what is 16b + 4?
171
In base 7, what is 12 - 5?
4
In base 3, what is 2 - 20112220?
-20112211
In base 12, what is 2 + 31?
33
In base 2, what is -1010 - -110?
-100
In base 2, what is -101 + 100111?
100010
In base 8, what is -235 - -24?
-211
In base 15, what is -115c + -1?
-115d
In base 15, what is 313 - -4?
317
In base 14, what is -4 - 70?
-74
In base 12, what is 10 - 5?
7
In base 3, what is -1120 + -120?
-2010
In base 15, what is 1ac + 5?
1b2
In base 11, what is -54 + -59?
-102
In base 9, what is 1 - -175?
176
In base 12, what is 7 - -a20?
a27
In base 13, what is 1 + 248b?
248c
In base 5, what is 10321 + -11?
10310
In base 9, what is 1 + -308?
-307
In base 3, what is 1 - -1110?
1111
In base 4, what is -3 - -133132?
133123
In base 3, what is -11 + -102210?
-102221
In base 5, what is 12 - -3212?
3224
In base 5, what is 1140 + -23?
1112
In base 11, what is -15314 + 5?
-1530a
In base 8, what is -74 - 57?
-153
In base 11, what is -10 + 24?
14
In base 8, what is 0 + 17?
17
In base 15, what is -3ca - 4?
-3ce
In base 16, what is -3c - 75?
-b1
In base 4, what is -10 - -30012?
30002
In base 9, what is -4 + -57?
-62
In base 11, what is 45 + 4?
49
In base 9, what is 727 + -3?
724
In base 12, what is 1198 - 0?
1198
In base 6, what is -220 - 5?
-225
In base 4, what is -11 - 11?
-22
In base 11, what is 71a - 0?
71a
In base 3, what is -11011 - 12?
-11100
In base 13, what is 1 - 344?
-343
In base 10, what is -306 - 1?
-307
In base 9, what is 228 - 2?
226
In base 15, what is -14 - -35?
21
In base 6, what is -215255 + 5?
-21